{"id":219,"date":"2015-07-12T16:09:32","date_gmt":"2015-07-12T21:09:32","guid":{"rendered":"http:\/\/genewei.com\/?page_id=219"},"modified":"2015-09-04T14:26:05","modified_gmt":"2015-09-04T21:26:05","slug":"midia","status":"publish","type":"page","link":"http:\/\/genewei.com\/br\/midia\/","title":{"rendered":"Novidades e M\u00eddia"},"content":{"rendered":"\n<!-- Facebook Like Button Vivacity Infotech BEGIN -->\n<div class=\"fb-like\" data-href=\"http:\/\/genewei.com\/br\/midia\/\" data-layout=\"standard\" data-action=\"like\" data-show-faces=\"true\" data-size=\"small\" data-width=\"550\" data-share=\"1\" ><\/div>\n<!-- Facebook Like Button Vivacity Infotech END -->\n<div id=\"pl-219\"  class=\"panel-layout\" ><div id=\"pg-219-0\"  class=\"panel-grid panel-no-style\" ><div id=\"pgc-219-0-0\"  class=\"panel-grid-cell\" ><div id=\"panel-219-0-0-0\" class=\"so-panel widget widget_black-studio-tinymce widget_black_studio_tinymce panel-first-child panel-last-child\" data-index=\"0\" ><div class=\"textwidget\"><p style=\"text-align: left;\"><a href=\"http:\/\/genewei.com\/wp-content\/uploads\/2015\/07\/the-national-culinary-review-functional.png\"><img class=\" size-medium wp-image-224 alignleft\" src=\"http:\/\/genewei.com\/wp-content\/uploads\/2015\/07\/the-national-culinary-review-functional-231x300.png\" alt=\"the-national-culinary-review-functional\" width=\"231\" height=\"300\" \/><\/a><\/p>\n<p style=\"text-align: left;\"><strong>Cozinhando com Alimentos Funcionais:<\/strong> Dr. Gene Wei foi\u00a0entrevistado na edi\u00e7\u00e3o de Julho\/Agosto 2015 da revista americana\u00a0<em>The National Culinary Review.<\/em><\/p>\n<p>Dr. Wei diz:<em> \"Eu venho de uma cultura asi\u00e1tica na qual\u00a0os pais muitas vezes dizem \u00e0s crian\u00e7as: 'Este alimento \u00e9 bom para uma doen\u00e7a espec\u00edfica.' Agora, com a pesquisa emergente, sabemos muito mais sobre como determinados alimentos podem beneficiar o corpo.\"<\/em>\u00a0<a href=\"http:\/\/www.ncrdigital.com\/ncr-open\/20150708#pg16\">Leia o artigo completo aqui (em Ingl\u00eas)<\/a><\/p>\n<p style=\"text-align: left;\">\u00a0<\/p>\n<\/div><\/div><\/div><\/div><div id=\"pg-219-1\"  class=\"panel-grid panel-no-style\" ><div id=\"pgc-219-1-0\"  class=\"panel-grid-cell\" ><div id=\"panel-219-1-0-0\" class=\"so-panel widget widget_black-studio-tinymce widget_black_studio_tinymce panel-first-child panel-last-child\" data-index=\"1\" ><div class=\"textwidget\"><p style=\"text-align: left;\">\u00a0\u00a0<a href=\"http:\/\/genewei.com\/wp-content\/uploads\/2015\/07\/the-national-culinary-magazine-vegan-1lg.png\"><img class=\"alignnone  wp-image-238\" src=\"http:\/\/genewei.com\/wp-content\/uploads\/2015\/07\/the-national-culinary-magazine-vegan-1lg-300x197.png\" alt=\"the-national-culinary-magazine-vegan-1lg\" width=\"201\" height=\"130\" \/><\/a>\u00a0\u00a0<a href=\"http:\/\/genewei.com\/wp-content\/uploads\/2015\/07\/the-national-culinary-magazine-vegan-2lg.png\"><img class=\"alignnone  wp-image-239\" src=\"http:\/\/genewei.com\/wp-content\/uploads\/2015\/07\/the-national-culinary-magazine-vegan-2lg-300x197.png\" alt=\"the-national-culinary-magazine-vegan-2lg\" width=\"210\" height=\"138\" \/><\/a>\u00a0\u00a0<a href=\"http:\/\/genewei.com\/wp-content\/uploads\/2015\/07\/the-national-culinary-magazine-vegan-3lg.png\"><img class=\"alignnone  wp-image-240\" src=\"http:\/\/genewei.com\/wp-content\/uploads\/2015\/07\/the-national-culinary-magazine-vegan-3lg-300x197.png\" alt=\"the-national-culinary-magazine-vegan-3lg\" width=\"210\" height=\"137\" \/><\/a><\/p>\n<\/div><\/div><\/div><\/div><div id=\"pg-219-2\"  class=\"panel-grid panel-no-style\" ><div id=\"pgc-219-2-0\"  class=\"panel-grid-cell\" ><div id=\"panel-219-2-0-0\" class=\"so-panel widget widget_black-studio-tinymce widget_black_studio_tinymce panel-first-child panel-last-child\" data-index=\"2\" ><div class=\"textwidget\"><h2 style=\"text-align: left;\"><span style=\"color: #4298b3;\"><strong>\u00a0Depoimentos<\/strong><\/span><\/h2>\n<\/div><\/div><\/div><\/div><div id=\"pg-219-3\"  class=\"panel-grid panel-no-style\" ><div id=\"pgc-219-3-0\"  class=\"panel-grid-cell\" ><div id=\"panel-219-3-0-0\" class=\"so-panel widget widget_black-studio-tinymce widget_black_studio_tinymce panel-first-child panel-last-child\" data-index=\"3\" ><div class=\"panel-widget-style panel-widget-style-for-219-3-0-0\" ><div class=\"textwidget\"><p style=\"text-align: center;\">\u00a0<img class=\"alignnone size-full wp-image-375\" src=\"http:\/\/genewei.com\/br\/wp-content\/uploads\/2015\/07\/cancer-patient-story-1.png\" alt=\"cancer-patient-story-1\" width=\"171\" height=\"174\" \/><\/p>\n<p style=\"text-align: center;\"><strong>M\u00e3e da Doroti<\/strong><br \/>C\u00e2ncer de Palato<\/p>\n<p style=\"text-align: center;\">O tumor no palato agora est\u00e1 totalmente curado como confirmado pelos \u00faltimos testes de resson\u00e2ncia magn\u00e9tica de minha m\u00e3es. \u00c9 uma coisa maravilhosa que deve ser compartilhada com todos os seres humanos, realmente fant\u00e1stico!<\/p>\n<\/div><\/div><\/div><\/div><div id=\"pgc-219-3-1\"  class=\"panel-grid-cell\" ><div id=\"panel-219-3-1-0\" class=\"so-panel widget widget_black-studio-tinymce widget_black_studio_tinymce panel-first-child panel-last-child\" data-index=\"4\" ><div class=\"panel-widget-style panel-widget-style-for-219-3-1-0\" ><div class=\"textwidget\"><p style=\"text-align: center;\">\u00a0<img class=\"alignnone size-full wp-image-376\" src=\"http:\/\/genewei.com\/br\/wp-content\/uploads\/2015\/07\/cancer-patient-story-2.png\" alt=\"cancer-patient-story-2\" width=\"171\" height=\"174\" \/><\/p>\n<p style=\"text-align: center;\"><strong>Jo\u00e3o Batista<\/strong> <br \/>Cancer Cerebral<\/p>\n<p style=\"text-align: center;\">O Jo\u00e3o ganhou nova vida pela primeira vez. Ele agora est\u00e1 dirigindo e super feliz! Ele est\u00e1 ficando cada dia melhor.<\/p>\n<\/div><\/div><\/div><\/div><div id=\"pgc-219-3-2\"  class=\"panel-grid-cell\" ><div id=\"panel-219-3-2-0\" class=\"so-panel widget widget_black-studio-tinymce widget_black_studio_tinymce panel-first-child panel-last-child\" data-index=\"5\" ><div class=\"panel-widget-style panel-widget-style-for-219-3-2-0\" ><div class=\"textwidget\"><p style=\"text-align: center;\">\u00a0<img class=\"alignnone size-full wp-image-377\" src=\"http:\/\/genewei.com\/br\/wp-content\/uploads\/2015\/07\/cancer-patient-story-3.png\" alt=\"cancer-patient-story-3\" width=\"171\" height=\"174\" \/><\/p>\n<p style=\"text-align: center;\"><strong>Agnes A.<\/strong> <br \/>Cancer da Traqu\u00e9ia, Pulm\u00e3o e F\u00edgado<\/p>\n<p style=\"text-align: center;\">Desde iniciar na dieta e suplementos tenho me sentido muito bem mesmo. Eu tenho uma not\u00edcia maravilhosa, os canceres de traqu\u00e9ia, pulm\u00e3o e f\u00edgado desapareceram.<\/p>\n<\/div><\/div><\/div><\/div><\/div><\/div><!-- AddThis Advanced Settings generic via filter on the_content --><!-- AddThis Share Buttons generic via filter on the_content -->","protected":false},"excerpt":{"rendered":"<p>Cozinhando com Alimentos Funcionais: Dr. Gene Wei foi\u00a0entrevistado na edi\u00e7\u00e3o de Julho\/Agosto 2015 da revista americana\u00a0The National Culinary Review.Dr. Wei diz: &#8220;Eu venho de uma cultura asi\u00e1tica na qual\u00a0os pais muitas vezes dizem \u00e0s crian\u00e7as: &#8216;Este alimento \u00e9 bom para uma doen\u00e7a espec\u00edfica.&#8217; Agora, com a pesquisa emergente, sabemos muito mais sobre como determinados alimentos<a class=\"moretag\" href=\"http:\/\/genewei.com\/br\/midia\/\"> [&#8230;] <\/a><!-- AddThis Advanced Settings generic via filter on wp_trim_excerpt --><!-- AddThis Share Buttons generic via filter on wp_trim_excerpt --><\/p>\n","protected":false},"author":3,"featured_media":0,"parent":0,"menu_order":8,"comment_status":"open","ping_status":"open","template":"","meta":{"sfsi_plus_gutenberg_text_before_share":"","sfsi_plus_gutenberg_show_text_before_share":"","sfsi_plus_gutenberg_icon_type":"","sfsi_plus_gutenberg_icon_alignemt":"","sfsi_plus_gutenburg_max_per_row":"","_genesis_hide_title":false,"_genesis_hide_breadcrumbs":false,"_genesis_hide_singular_image":false,"_genesis_hide_footer_widgets":false,"_genesis_custom_body_class":"","_genesis_custom_post_class":"","_genesis_layout":""},"_links":{"self":[{"href":"http:\/\/genewei.com\/br\/wp-json\/wp\/v2\/pages\/219"}],"collection":[{"href":"http:\/\/genewei.com\/br\/wp-json\/wp\/v2\/pages"}],"about":[{"href":"http:\/\/genewei.com\/br\/wp-json\/wp\/v2\/types\/page"}],"author":[{"embeddable":true,"href":"http:\/\/genewei.com\/br\/wp-json\/wp\/v2\/users\/3"}],"replies":[{"embeddable":true,"href":"http:\/\/genewei.com\/br\/wp-json\/wp\/v2\/comments?post=219"}],"version-history":[{"count":0,"href":"http:\/\/genewei.com\/br\/wp-json\/wp\/v2\/pages\/219\/revisions"}],"wp:attachment":[{"href":"http:\/\/genewei.com\/br\/wp-json\/wp\/v2\/media?parent=219"}],"curies":[{"name":"wp","href":"https:\/\/api.w.org\/{rel}","templated":true}]}}

Novidades e Mídia

<!-- Facebook Like Button Vivacity Infotech BEGIN -->
<div class="fb-like" data-href="http://genewei.com/br/midia/" data-layout="standard" data-action="like" data-show-faces="true" data-size="small" data-width="550" data-share="1" ></div>
<!-- Facebook Like Button Vivacity Infotech END -->
<div id="pl-219"  class="panel-layout" ><div id="pg-219-0"  class="panel-grid panel-no-style" ><div id="pgc-219-0-0"  class="panel-grid-cell" ><div id="panel-219-0-0-0" class="so-panel widget widget_black-studio-tinymce widget_black_studio_tinymce panel-first-child panel-last-child" data-index="0" ><div class="textwidget"><p style="text-align: left;"><a href="http://genewei.com/wp-content/uploads/2015/07/the-national-culinary-review-functional.png"><img class=" size-medium wp-image-224 alignleft" src="http://genewei.com/wp-content/uploads/2015/07/the-national-culinary-review-functional-231x300.png" alt="the-national-culinary-review-functional" width="231" height="300" /></a></p>
<p style="text-align: left;"><strong>Cozinhando com Alimentos Funcionais:</strong> Dr. Gene Wei foi entrevistado na edição de Julho/Agosto 2015 da revista americana <em>The National Culinary Review.</em></p>
<p>Dr. Wei diz:<em> "Eu venho de uma cultura asiática na qual os pais muitas vezes dizem às crianças: 'Este alimento é bom para uma doença específica.' Agora, com a pesquisa emergente, sabemos muito mais sobre como determinados alimentos podem beneficiar o corpo."</em> <a href="http://www.ncrdigital.com/ncr-open/20150708#pg16">Leia o artigo completo aqui (em Inglês)</a></p>
<p style="text-align: left;"> </p>
</div></div></div></div><div id="pg-219-1"  class="panel-grid panel-no-style" ><div id="pgc-219-1-0"  class="panel-grid-cell" ><div id="panel-219-1-0-0" class="so-panel widget widget_black-studio-tinymce widget_black_studio_tinymce panel-first-child panel-last-child" data-index="1" ><div class="textwidget"><p style="text-align: left;">  <a href="http://genewei.com/wp-content/uploads/2015/07/the-national-culinary-magazine-vegan-1lg.png"><img class="alignnone  wp-image-238" src="http://genewei.com/wp-content/uploads/2015/07/the-national-culinary-magazine-vegan-1lg-300x197.png" alt="the-national-culinary-magazine-vegan-1lg" width="201" height="130" /></a>  <a href="http://genewei.com/wp-content/uploads/2015/07/the-national-culinary-magazine-vegan-2lg.png"><img class="alignnone  wp-image-239" src="http://genewei.com/wp-content/uploads/2015/07/the-national-culinary-magazine-vegan-2lg-300x197.png" alt="the-national-culinary-magazine-vegan-2lg" width="210" height="138" /></a>  <a href="http://genewei.com/wp-content/uploads/2015/07/the-national-culinary-magazine-vegan-3lg.png"><img class="alignnone  wp-image-240" src="http://genewei.com/wp-content/uploads/2015/07/the-national-culinary-magazine-vegan-3lg-300x197.png" alt="the-national-culinary-magazine-vegan-3lg" width="210" height="137" /></a></p>
</div></div></div></div><div id="pg-219-2"  class="panel-grid panel-no-style" ><div id="pgc-219-2-0"  class="panel-grid-cell" ><div id="panel-219-2-0-0" class="so-panel widget widget_black-studio-tinymce widget_black_studio_tinymce panel-first-child panel-last-child" data-index="2" ><div class="textwidget"><h2 style="text-align: left;"><span style="color: #4298b3;"><strong> Depoimentos</strong></span></h2>
</div></div></div></div><div id="pg-219-3"  class="panel-grid panel-no-style" ><div id="pgc-219-3-0"  class="panel-grid-cell" ><div id="panel-219-3-0-0" class="so-panel widget widget_black-studio-tinymce widget_black_studio_tinymce panel-first-child panel-last-child" data-index="3" ><div class="panel-widget-style panel-widget-style-for-219-3-0-0" ><div class="textwidget"><p style="text-align: center;"> <img class="alignnone size-full wp-image-375" src="http://genewei.com/br/wp-content/uploads/2015/07/cancer-patient-story-1.png" alt="cancer-patient-story-1" width="171" height="174" /></p>
<p style="text-align: center;"><strong>Mãe da Doroti</strong><br />Câncer de Palato</p>
<p style="text-align: center;">O tumor no palato agora está totalmente curado como confirmado pelos últimos testes de ressonância magnética de minha mães. É uma coisa maravilhosa que deve ser compartilhada com todos os seres humanos, realmente fantástico!</p>
</div></div></div></div><div id="pgc-219-3-1"  class="panel-grid-cell" ><div id="panel-219-3-1-0" class="so-panel widget widget_black-studio-tinymce widget_black_studio_tinymce panel-first-child panel-last-child" data-index="4" ><div class="panel-widget-style panel-widget-style-for-219-3-1-0" ><div class="textwidget"><p style="text-align: center;"> <img class="alignnone size-full wp-image-376" src="http://genewei.com/br/wp-content/uploads/2015/07/cancer-patient-story-2.png" alt="cancer-patient-story-2" width="171" height="174" /></p>
<p style="text-align: center;"><strong>João Batista</strong> <br />Cancer Cerebral</p>
<p style="text-align: center;">O João ganhou nova vida pela primeira vez. Ele agora está dirigindo e super feliz! Ele está ficando cada dia melhor.</p>
</div></div></div></div><div id="pgc-219-3-2"  class="panel-grid-cell" ><div id="panel-219-3-2-0" class="so-panel widget widget_black-studio-tinymce widget_black_studio_tinymce panel-first-child panel-last-child" data-index="5" ><div class="panel-widget-style panel-widget-style-for-219-3-2-0" ><div class="textwidget"><p style="text-align: center;"> <img class="alignnone size-full wp-image-377" src="http://genewei.com/br/wp-content/uploads/2015/07/cancer-patient-story-3.png" alt="cancer-patient-story-3" width="171" height="174" /></p>
<p style="text-align: center;"><strong>Agnes A.</strong> <br />Cancer da Traquéia, Pulmão e Fígado</p>
<p style="text-align: center;">Desde iniciar na dieta e suplementos tenho me sentido muito bem mesmo. Eu tenho uma notícia maravilhosa, os canceres de traquéia, pulmão e fígado desapareceram.</p>
</div></div></div></div></div></div><!-- AddThis Advanced Settings generic via filter on the_content --><!-- AddThis Share Buttons generic via filter on the_content -->

<p>Cozinhando com Alimentos Funcionais: Dr. Gene Wei foi entrevistado na edição de Julho/Agosto 2015 da revista americana The National Culinary Review.Dr. Wei diz: &#8220;Eu venho de uma cultura asiática na qual os pais muitas vezes dizem às crianças: &#8216;Este alimento é bom para uma doença específica.&#8217; Agora, com a pesquisa emergente, sabemos muito mais sobre como determinados alimentos<a class="moretag" href="http://genewei.com/br/midia/"> [&#8230;] </a><!-- AddThis Advanced Settings generic via filter on wp_trim_excerpt --><!-- AddThis Share Buttons generic via filter on wp_trim_excerpt --></p>
